. Suppose -2757 = -3*l - g*t, -3*t - 623 = -5*l + 3996. What is the tens digit of l?
2
Suppose -2*n - v = 0, 5*n - 9*v + 9 = -7*v. What is the units digit of 52806/104 - n/4?
8
Let j(a) = -a**3 + a**2 + 6*a - 4. Let g be j(1). Suppose -5*n + 1866 + 719 = 0. Suppose g*w - n = -5*s - 84, 0 = -s + w + 88. What is the tens digit of s?
8
Suppose -118465 - 38623 = -4*a. What is the units digit of a?
2
Let l(y) = 18*y**3 - 2*y**2 + 10*y - 11. What is the tens digit of l(9)?
3
Let o(d) = -5*d**2 + 8*d - 7. Let v(n) = 31*n + 27 + 9 - 2 - 20*n**2 - 62. Let r(w) = -9*o(w) + 2*v(w). What is the tens digit of r(3)?
2
Let s be 1 - 3/(-2 - -5). Suppose -824 = -4*o - 4*q, o + s*o - 206 = -2*q. What is the units digit of o?
6
Let d = -448 + 1074. Let u = d - 598. What is the units digit of u?
8
Suppose -v - 11 = 4*m - 9*m, 0 = v - 3*m + 5. Suppose -j = 5*b + 7, 5*j + v = 3*b - 3. What is the tens digit of b/(17/(-799)*(2 + -1))?
4
Let p(u) = -23*u - 20. Let s(m) = 46*m + 42. Let o(q) = -5*p(q) - 2*s(q). What is the units digit of o(4)?
8
Suppose -1185 = -2*n + 3*s, -3*n = n - s - 2365. Suppose -3*k = -4*x + n, 1000 = 5*x - 3*k + 262. What is the tens digit of 0 + x + 2 + 5?
5
Suppose 3*j - 6*j = 5*k - 126196, 0 = 5*k - 3*j - 126214. What is the ten thousands digit of k?
2
Let r be (-4905 + 17)/(0 + -1). Suppose -h + 974 = b, 5*b = 4*h - 0*h + r. What is the hundreds digit of b?
9
Let z be (29/5 + -5)/(2/(-5)). What is the tens digit of 7/z - (-87261)/102?
5
Let c = 55 + -50. Suppose -4*d - 530 = c*f - 122, d + 102 = -3*f. Let q = 266 + d. What is the units digit of q?
4
Let c(f) = 37*f**2 - 11*f + 12. Let s be c(1). Let y = 217 - s. What is the tens digit of y?
7
Let x(i) = -12*i - 313. Suppose -62*o - 228 = -56*o. What is the tens digit of x(o)?
4
Let n = -731 - -503. Suppose 939 = -4*d - 593. Let h = n - d. What is the tens digit of h?
5
Let d(s) = 2*s**2 - 8*s - 7. Suppose 45 = -4*y + 13*y. Let z be d(y). Suppose 0 = 3*w - 2*a + z*a - 484, 180 = w + 5*a. What is the units digit of w?
0
Let t = 5670 - 4077. What is the thousands digit of t?
1
Let j(v) = 3*v + 214. Let r be j(0). Suppose -5*n + 675 = -4*p, -5*n + p + 715 = 5*p. Let g = r - n. What is the tens digit of g?
7
What is the units digit of 6 + 10*((-81450)/(-20) - 6)?
1
Suppose -117 + 7 = -22*p. Suppose -p*a - 2*m = -1018 - 1132, 4*m = -4*a + 1708. What is the hundreds digit of a?
4
Let g = -46 - -45. Let x(b) = -25*b. Let l be x(g). Let k = l - -83. What is the hundreds digit of k?
1
Let v(x) = -x**2 - 12*x - 15. Let s = 112 + -120. What is the tens digit of v(s)?
1
Let a = 81 - 60. Suppose -19*x + a*x = 106. What is the tens digit of x?
5
Let z(d) = -14*d + 4*d + 3 - 3*d - 3*d**2 + 11*d**2. Let j be z(9). Suppose 3*i = -4*v + 312, 7*i - j = 2*i - 2*v. What is the hundreds digit of i?
1
Let h = -39 + 90. Suppose -29*z = -263 - 288. Let q = h - z. What is the units digit of q?
2
Let j = 62 - 63. Let c(d) = 304*d**2 + 6*d + 5. Let z be c(j). Let n = z + -206. What is the units digit of n?
7
Let m(s) = 1368*s**2 - 32*s - 105. What is the hundreds digit of m(-8)?
7
Suppose 9*n - 11*n = 3*a - 11134, 27835 = 5*n - 3*a. What is the hundreds digit of n?
5
Suppose -114875 = -23*z + 26*z - 28*z. What is the hundreds digit of z?
5
Suppose 55*a = 146*a - 94913. What is the units digit of a?
3
Let q(g) = -12*g**3 + g**2 + 16*g + 62. What is the thousands digit of q(-7)?
4
Let h(r) = 1655*r**3 + 2*r**2 - 1. Let z be h(1). Suppose z = -2*c + 6*c + 4*b, 5 = -b. What is the hundreds digit of c?
4
Let m = 11394 + -4082. What is the tens digit of m?
1
Let l = -21000 - -29514. What is the thousands digit of l?
8
Let q = -373 - -853. Suppose 2*i + q = 2570. Suppose -5*d + i = -5*u, u = 5*d - 3*u - 1042. What is the units digit of d?
6
Suppose -75*a + 98*a - 120773 = 0. What is the units digit of a?
1
Suppose -3*m - 434 = -4*d, 3*d = m + 195 + 133. Suppose -d = -5*l - 5*l. Suppose -4*x = -2*a + a - 53, l = 3*x + 5*a. What is the units digit of x?
2
Let n(o) = -o**2 + 9*o + 2. Let g(c) = -c**2 + c. Let t(d) = -2*g(d) + n(d). Let v be t(-6). What is the units digit of (v/3)/((-24)/1476)?
2
Suppose 0 = -l - 3*f + 10, -4*l + 3*f + 53 + 17 = 0. Suppose 38*y - 1804 = l*y. What is the units digit of y?
2
Let b = -374 - -1981. Suppose b = 6*w - 535. What is the units digit of w?
7
Suppose 0*u + 2*r = -2*u + 44, 102 = 5*u + r. Let v = 34 - 31. Suppose -5*m = u, 2*p - m - v*m - 170 = 0. What is the units digit of p?
7
Let w(u) = -349*u - 176. Let b(h) = -116*h - 59. Let g(o) = 7*b(o) - 2*w(o). What is the hundreds digit of g(-4)?
3
Let d be 13/7 - 10/(-70). Let c be d/((-3)/9*-2). Suppose -6*y + 3*y = c*t - 201, 5*y + 25 = 0. What is the tens digit of t?
7
Let g = 42954 + -4402. What is the units digit of g?
2
Suppose 3*c + 304 - 10732 = -4*f, -10444 = -4*f + c. Let o = f - 982. Suppose -20*l + o = -9*l. What is the units digit of l?
8
What is the units digit of (-129)/86 - 363/4*-74?
4
What is the hundreds digit of -4*(-2478)/14 - -6?
7
Suppose 3*o = 8*o + 230. What is the tens digit of 265*1 + (-44 - o)?
6
Let p be (-135)/(-45) + 1 + -111. What is the units digit of (38 - 35)/((-3)/p)?
7
Let y(d) = 451*d**3 + d**2 + 3*d - 3. Let i be y(1). Suppose 0 = 5*u - 4*k - i, 180 = 2*u - 5*k + 3*k. What is the units digit of u?
2
Let h(d) = 968*d**2 + 119. What is the ten thousands digit of h(7)?
4
Let p be ((17168/(-32))/29)/((-2)/48). Let t = -424 + p. What is the tens digit of t?
2
Let w(m) be the first derivative of -3*m**4/2 + m**3 + m**2/2 + 4*m - 16. Let u be w(-3). Suppose -40*x + u = -35*x. What is the tens digit of x?
3
Suppose 0 = -1875*y + 1823*y + 393276. What is the units digit of y?
3
Let n = 53 + 5510. Suppose -n - 4469 = -33*w. What is the units digit of w?
4
Let m = 81 - 21. What is the units digit of (1 + 4)/(m/(-9) + 7)?
5
Let f(v) = -v**3 + v**2 - v. Let j(a) = -16*a**3 + 3*a**2 - 3. Let q(p) = 3*f(p) - j(p). What is the tens digit of q(3)?
4
Let z = 53 + -77. Let m = 172 + z. What is the tens digit of (m/(-6))/(115/30 - 4)?
4
Let m(t) = 329*t - 74. Let a be m(4). Suppose -v - 4*w + 400 = 0, 4*v + a = 7*v - 2*w. What is the tens digit of v?
1
Let c(g) = 4*g - 317. Let n(l) = l - 106. Let x(i) = 6*c(i) - 17*n(i). What is the units digit of x(15)?
5
Let p(g) = 3 + g - 2 + 0. Let l be p(4). Suppose 25 = -0*d + l*d. What is the units digit of d?
5
Let f(h) = 4*h**2 + 10*h + 14. Let s be (-60)/(-28) - 3/21. Suppose 26 = -5*y + 2*i - 0*i, -s*y = 2*i + 16. What is the tens digit of f(y)?
9
Let r(s) = 246*s - 141. What is the hundreds digit of r(25)?
0
Suppose -167664 + 317323 = 62*y - 230773. What is the hundreds digit of y?
1
Let u be (-28)/(1 - 1/(-3)*0). Let d be u/(-6)*(-120)/(-140). Suppose 75 = d*y + y. What is the tens digit of y?
1
Suppose 659554 = 19*t + 253410. What is the ten thousands digit of t?
2
Let g = -5882 - -6981. What is the tens digit of g?
9
Suppose 35*w = 4*n + 39*w - 24064, 0 = 5*n - 2*w - 30052. What is the tens digit of n?
1
Suppose -14*i = -15*i + 2. Suppose -40 = -l - 3*l. Suppose -3*t = i*t - l, -2*t = 5*j - 279. What is the units digit of j?
5
Suppose -4*a + 1280 = -12*a. Let w = -13 - a. What is the tens digit of w?
4
Let w = -7240 + 9363. What is the thousands digit of w?
2
Let s = 745 - 2735. Let y = s + 3000. What is the hundreds digit of y?
0
Suppose -78*b + 63*b + 665140 = -160085. What is the hundreds digit of b?
0
Let g = -31 + 35. Suppose g*l = n + 1004, 2*l - 3*l + 2*n + 258 = 0. Suppose -11*b = -13*b + l. What is the units digit of b?
5
Suppose 47*c = 73*c - 41*c + 462165. What is the hundreds digit of c?
8
Suppose 61*r + 5*v - 33662 = 60*r, 3*r + 5*v = 100916. What is the ten thousands digit of r?
3
Let u(r) be the second derivative of -r**4/12 - r**3/3 - 9*r**2/2 + 31*r. Let o be u(6). Let i = 114 + o. What is the units digit of i?
7
Let c(r) = 3*r**2 + 16*r + 1. Suppose -59*l + 67*l = -80. What is the hundreds digit of c(l)?
1
Suppose 0 = r - 3*l - 3691, -8*l + 7*l + 14751 = 4*r. What is the thousands digit of r?
3
What is the units digit of (-13635343)/(-1505) + (-3)/105?
0
Suppose -3*x - 9942 = -7*o + 6*o, 9 = -3*x. What is the tens digit of o?
3
Suppose -6*x = -8*x + 6. Let z be 1/((-57)/(-162) + (-1)/x). What is the units digit of (-246)/4*(-12)/z*3?
1
Let p(d) = -d - 38.